/(105/14) + 7 + 7342?
7
Let k(y) = 16*y - 16. Let v be k(17). Let u = 240 + -143. Let r = v - u. What is the tens digit of r?
5
Let c = -4899 + 12589. What is the tens digit of c?
9
Let u be 2/(-3) - 11/(-3). Suppose 3*t + 507 = s - 995, 2*s - 2986 = -u*t. Suppose 25*j = 33*j - s. What is the hundreds digit of j?
1
Let m = -102318 + 171530. What is the hundreds digit of m?
2
Suppose 1150457 = -5498*u + 5565*u. What is the thousands digit of u?
7
Suppose 6*b = 3*b - 260 + 254. Let q(p) = -4*p - 4 - 1 - 3*p**3 - 3*p**2 - 10*p**3. What is the units digit of q(b)?
5
Suppose 29*o - 33*o = 0. Let u(a) be the third derivative of a**6/120 + a**5/60 + a**4/24 + 58*a**3/3 - 14*a**2. What is the units digit of u(o)?
6
Let j(p) = -115*p - 3281. What is the thousands digit of j(-42)?
1
Let r(o) = -o**2 + o - 1. Let x(p) = 5*p**2 + 4*p + 25. Let f(c) = 4*r(c) + x(c). Let q be f(-7). Let n(s) = 6*s + 61. What is the tens digit of n(q)?
4
Let n(c) = -25*c**2 - c - 6. Let o(x) = -x**2. Let v(j) = -n(j) - 6*o(j). Let i be v(-3). Let w = 420 - i. What is the tens digit of w?
3
Let s(q) = 44*q**3 + 7*q**2 + 21*q - 137. What is the thousands digit of s(8)?
3
Let w = -3686 + 6641. What is the hundreds digit of w?
9
Let j = 32936 - 18538. What is the hundreds digit of j?
3
Let v(l) = l**2 - 7*l + 10. Let c be v(3). Let h be c + (0 - -64*52). Suppose -13*u - 258 + h = 0. What is the tens digit of u?
3
Suppose 6*f - 1575 - 29298 = -3*v, 0 = v - 4*f - 10309. What is the tens digit of v?
9
Suppose 3*l - 24463 = -2*f, 0 = 2*f + 3 - 7. What is the hundreds digit of l?
1
Suppose 5 = -4*i + 3*f + 22, -i = -3*f - 11. Suppose -5*y + 205 = l, -4*y + i*y = 0. Let n = l + -66. What is the units digit of n?
9
Suppose 39*t - 44*t = -520. Suppose i - t = 507. What is the tens digit of i?
1
Suppose -3*n - 9*g + 8*g = -177, 0 = 2*n - g - 123. What is the units digit of 77988/n - ((-8)/(-5))/2?
9
Let j(y) = 42*y + 2035. What is the tens digit of j(-9)?
5
Let b(z) = 5*z**2 + 13*z + 9. Suppose -2*y = 2*y + 3*t + 42, -3*y - 4*t = 35. Let n be b(y). Let r = -184 + n. What is the hundreds digit of r?
1
Let l(q) = 3*q**3 + 9*q**2 + 13*q - 183. What is the thousands digit of l(14)?
9
Suppose -26*j = -23*j + 5*l - 48134, 4*j - 5*l - 64237 = 0. What is the units digit of j?
3
Suppose 3*s - 280 + 811 = -5*n, -2*n + 885 = -5*s. What is the units digit of (1 - (-471 - -1))*(-118)/s?
4
Let v(x) = -20*x**3 - 10*x**2 + 195*x + 1473. What is the hundreds digit of v(-8)?
5
Let p be 1*18*(-7)/14. Let g = p + 1. Let c(i) = -8*i - 32. What is the units digit of c(g)?
2
Suppose -4*p + 19868 = -4*s, -21 = 4*s - 25. What is the units digit of p?
8
Let k(l) = l**2 - 11*l - 60. Let b be k(15). Suppose b*j - 213 = -g + 4*j, 0 = g + 3*j - 199. What is the units digit of g?
5
Suppose -79391 = -5*h + 40494. What is the hundreds digit of h?
9
Let n(l) = 2*l**2 - 17*l + 2. Let d be n(7). Let c(f) = -8*f + 125. What is the tens digit of c(d)?
7
Suppose -156*u = -169*u - 20189. Let k = -674 - u. What is the tens digit of k?
7
Suppose 0 = -4*a - 0*b - 4*b + 360, -4*a + 5*b + 315 = 0. Let h = a + -88. What is the tens digit of (-219)/(-15) - ((-13)/(-5) + h)?
1
Let s = -16248 - -72475. What is the ten thousands digit of s?
5
Suppose -2*m = 3*p - p - 1206, -5*p = 2*m - 1221. What is the units digit of m?
8
Suppose c - 2*c - 6 = 0. Let w = c - -16. Suppose w*z - 14 = 16. What is the units digit of z?
3
What is the hundreds digit of (-14)/42*4*(2 + (-2090)/4)?
6
Suppose 2*p - p + 2 = 4*z, z + 10 = -5*p. Suppose -5*c - 4*y + 51 = z, 4*c - 4*y + 0*y - 48 = 0. What is the tens digit of c?
1
Let v(x) = 33*x**3 - 10*x**2 + 19*x - 9. Let k be v(3). Let c = -285 + k. What is the hundreds digit of c?
5
Suppose -14*i = -11*i - 33. Suppose -i*a - 32 = -13*a. Suppose 5*u = -0*u - 3*m + 93, -a = -u + 2*m. What is the units digit of u?
8
Let i = 214 + 2697. What is the tens digit of i?
1
Let p(t) = -t**3 + 12*t**2 - 3*t - 1. Let c be p(11). Let h be (6/12)/(2/(-4)). What is the units digit of c - -3 - (0 - (1 - h))?
2
Let q = -53 + 57. Suppose 4*o = -2*a + 5*o + 79, 5*o - 123 = -q*a. What is the tens digit of a?
3
Let c = -246 + 252. Suppose -c*k + 2*k - 2*s + 1766 = 0, 0 = k - 2*s - 434. What is the tens digit of k?
4
Suppose -18*g + 92589 = -57027. What is the units digit of g?
2
What is the tens digit of 5084 + (32/12 - ((-48)/(-18))/(-8))?
8
Suppose -q = 3*y - 293, -17*q + 4*y - 289 = -18*q. What is the tens digit of q?
0
Let s(g) = 2*g**3 - 32*g**2 - 34*g + 54. What is the tens digit of s(22)?
1
Suppose 3*t + 2*t = 20. Suppose 4*k + 4 = 0, t*i = -i - 2*k - 1772. What is the units digit of (-1)/(-2 - i/178)?
9
Let u = -94 + 74. Let f = -7 - u. Suppose -2*b + k = -393, f - 223 = -b - 4*k. What is the units digit of b?
8
Suppose 4*p - 33 = -9*m + 4*m, -5*m = -2*p - 21. What is the tens digit of p/(-19) - 77198/(-551)?
4
Let h(n) = n - 5*n**3 - 3*n**2 + 10*n**3 + n**3 - 5*n**3. Let q be h(3). Suppose 5*t - 531 = -2*d, 0 = 2*t + d + q*d - 206. What is the tens digit of t?
0
What is the hundreds digit of ((-4927)/52*-2)/(((-39)/18)/(-13))?
1
What is the ten thousands digit of ((-1190840)/(-63) - 20) + 2/(-9)?
1
Suppose -5*i + o + 23 = 4*o, 0 = -i - 4*o + 8. Suppose -2*k + 1117 = -i*q - 967, 4108 = 4*k + 4*q. What is the hundreds digit of k?
0
Let s be 170/(-15) - (1 + 1/(-3)). Let n be (s/(-15))/((3/(-5))/(-3)). Suppose -n*z + 63 = -65. What is the units digit of z?
2
Let b be (-19)/(-5) + (18/15)/6. Suppose b*f - 44 = -4*y, -3*f + 3*y = -4 - 5. Suppose -f = 5*a + 3*m - 327, -a + 3*m = -64. What is the tens digit of a?
6
Let o(j) = -j**3 - 5*j**2 - 5*j + 3. Let z be o(-3). Suppose 2*u + x + 886 = 4*u, -u + 5*x + 443 = z. What is the units digit of u?
3
Suppose -8*k = 4*x - 5*k - 157, 4*k = 3*x - 124. What is the tens digit of x?
4
Let n(t) = -30*t + 96. Let y(g) = 1. Let u(c) = n(c) + 2*y(c). What is the units digit of u(-13)?
8
Let k(j) = j + 5. Let z be k(0). Suppose 3*o - 25 = 4*d, -2*o + 21 = -o + z*d. What is the tens digit of o + 82 + (-2 - -2)?
9
Let r be -3*-2*(-11)/(-6). Suppose -7*a + r*a - 1512 = 0. Suppose -17*u + 8*u + a = 0. What is the units digit of u?
2
Suppose x + 0*z = -5*z + 2950, 2*x - 5886 = 4*z. What is the hundreds digit of x?
9
Let d(p) = 2*p**2 - 5*p - 3. Let l be d(6). Let o = -34 + l. Suppose i + 91 = 3*i + o*v, -3*v - 84 = -3*i. What is the units digit of i?
3
Let t(o) = 45*o - 19. Suppose -4*z = 4*u - 36, -2*z + 3*z = u - 1. What is the hundreds digit of t(z)?
1
Let h = 2650 + -792. Suppose 3*x + 2099 = 2*b + 865, -3*b + h = -x. What is the tens digit of b?
2
Let y = 1027 - 167. Let m = 605 - y. Let r = -179 - m. What is the units digit of r?
6
Suppose -14*h = -2*l - 16*h + 110484, 220989 = 4*l + h. What is the ten thousands digit of l?
5
Let y(q) = 15*q**2 + 100*q - 2061. What is the tens digit of y(34)?
7
Suppose -19*d + 24*d = 890. Let r = 295 - d. What is the hundreds digit of r?
1
What is the units digit of (53/(-106))/(2*1/(-93096))?
4
Suppose -1545*m + 1544*m - 417 = -4*c, 5*c = -4*m + 537. Let z(p) = -25*p + 3. Let g be z(-4). Let y = c - g. What is the units digit of y?
2
Let i = 5035 - 1811. What is the thousands digit of i?
3
Suppose 0 = -4*f - 2*a - 2016, -434 = -5*f + a - 2940. Let h = f + 1146. What is the tens digit of h?
4
Let m be 4 + -2 + (-165)/(-3). Let w = m + -26. Suppose w*o - 32*o = -106. What is the hundreds digit of o?
1
Suppose 3*j - u - 11688 = 0, -3*j + 37*u = 41*u - 11703. What is the tens digit of j?
9
Suppose 39*y - 37*y - 16 = 0. Suppose 2*q - y*q = 30. Let b(o) = o**2 - o + 9. What is the units digit of b(q)?
9
Let n(t) = 1902*t - 36. What is the hundreds digit of n(3)?
6
What is the tens digit of ((-112858680)/(-504))/11 - 4/(-42)?
5
Suppose 13 = c + 4*c + p, -3*c + 1 = 4*p. What is the hundreds digit of ((4 - 7)/c)/((-5)/6425)?
2
Suppose 0 = j + 3*n - 12077, 0 = 6*j - 4*j - 3*n - 24181. What is the units digit of j?
6
Let y(g) = -4*g - 21. Let j be y(-6). Suppose 1 = -x - 4*o, 2*x - 6 + 3 = -j*o. What is the units digit of 5/(-3) + 1 - (-626)/x?
8
Let v(j) = -62*j + 178. Suppose 14*g - 15*g - 11 = c, 4*g = -5*c - 51. What is the tens digit of v(c)?
1
Let f(g) = 31*g**2 + 2*g + 99. Let s be f(13). Let l = s + -3552. What is the hundreds digit of l?
8
Suppose -g - 10 